ded by 79.
52
Calculate the remainder when 661 is divided by 72.
13
What is the remainder when 278 is divided by 84?
26
What is the remainder when 32829 is divided by 54?
51
Calculate the remainder when 211 is divided by 18.
13
What is the remainder when 496 is divided by 44?
12
Calculate the remainder when 89 is divided by 19.
13
What is the remainder when 418 is divided by 86?
74
Calculate the remainder when 52 is divided by 8.
4
What is the remainder when 183 is divided by 96?
87
What is the remainder when 690 is divided by 21?
18
What is the remainder when 377 is divided by 54?
53
Calculate the remainder when 23 is divided by 13.
10
Calculate the remainder when 1410 is divided by 234.
6
What is the remainder when 1465 is divided by 70?
65
Calculate the remainder when 69 is divided by 30.
9
What is the remainder when 200 is divided by 96?
8
What is the remainder when 558 is divided by 11?
8
What is the remainder when 506 is divided by 174?
158
What is the remainder when 425 is divided by 27?
20
Calculate the remainder when 246 is divided by 19.
18
What is the remainder when 158 is divided by 81?
77
What is the remainder when 5719 is divided by 248?
15
Calculate the remainder when 141 is divided by 43.
12
Calculate the remainder when 2201 is divided by 15.
11
What is the remainder when 11544 is divided by 110?
104
What is the remainder when 76 is divided by 16?
12
What is the remainder when 92 is divided by 8?
4
Calculate the remainder when 160 is divided by 54.
52
Calculate the remainder when 4884 is divided by 407.
0
What is the remainder when 2375 is divided by 44?
43
Calculate the remainder when 176 is divided by 63.
50
Calculate the remainder when 534 is divided by 111.
90
What is the remainder when 970 is divided by 926?
44
Calculate the remainder when 84 is divided by 12.
0
Calculate the remainder when 33 is divided by 19.
14
Calculate the remainder when 2326 is divided by 86.
4
What is the remainder when 621 is divided by 78?
75
What is the remainder when 58 is divided by 17?
7
What is the remainder when 2117 is divided by 352?
5
What is the remainder when 416 is divided by 22?
20
Calculate the remainder when 169 is divided by 10.
9
What is the remainder when 675 is divided by 137?
127
What is the remainder when 22242 is divided by 13?
12
Calculate the remainder when 57 is divided by 19.
0
What is the remainder when 28 is divided by 1?
0
Calculate the remainder when 2714 is divided by 27.
14
What is the remainder when 25 is divided by 12?
1
Calculate the remainder when 304 is divided by 28.
24
What is the remainder when 181 is divided by 40?
21
What is the remainder when 259 is divided by 63?
7
What is the remainder when 415 is divided by 108?
91
What is the remainder when 2443 is divided by 352?
331
Calculate the remainder when 176 is divided by 58.
2
What is the remainder when 53803 is divided by 211?
209
Calculate the remainder when 444 is divided by 36.
12
Calculate the remainder when 261 is divided by 22.
19
Calculate the remainder when 304 is divided by 51.
49
Calculate the remainder when 400 is divided by 31.
28
Calculate the remainder when 262 is divided by 24.
22
Calculate the remainder when 58 is divided by 34.
24
What is the remainder when 64 is divided by 25?
14
What is the remainder when 143 is divided by 51?
41
What is the remainder when 3 is divided by 2?
1
Calculate the remainder when 369 is divided by 58.
21
Calculate the remainder when 372 is divided by 11.
9
Calculate the remainder when 140 is divided by 71.
69
What is the remainder when 316 is divided by 29?
26
What is the remainder when 2031 is divided by 18?
15
Calculate the remainder when 629 is divided by 63.
62
Calculate the remainder when 85 is divided by 27.
4
What is the remainder when 636 is divided by 98?
48
What is the remainder when 3052 is divided by 6?
4
Calculate the remainder when 1072 is divided by 49.
43
Calculate the remainder when 3694 is divided by 123.
4
Calculate the remainder when 244 is divided by 82.
80
Calculate the remainder when 674 is divided by 45.
44
Calculate the remainder when 4684 is divided by 276.
268
What is the remainder when 3613 is divided by 5?
3
Calculate the remainder when 241 is divided by 36.
25
What is the remainder when 103 is divided by 7?
5
What is the remainder when 264 is divided by 42?
12
What is the remainder when 2200 is divided by 29?
25
What is the remainder when 4686 is divided by 10?
6
Calculate the remainder when 144 is divided by 71.
2
What is the remainder when 3026 is divided by 112?
2
What is the remainder when 117 is divided by 30?
27
Calculate the remainder when 4796 is divided by 12.
8
Calculate the remainder when 106 is divided by 50.
6
Calculate the remainder when 295 is divided by 27.
25
What is the remainder when 972 is divided by 13?
10
What is the remainder when 29 is divided by 4?
1
Calculate the remainder when 26751 is divided by 352.
351
Calculate the remainder when 264 is divided by 39.
30
What is the remainder when 5543 is divided by 264?
263
What is the remainder when 453 is divided by 49?
12
What is the remainder when 108 is divided by 30?
18
What is the remainder when 147 is divided by 25?
22
What is the remainder when 87 is divided by 8?
7
What is the remainder when 32 is divided by 3?
2
Calculate the remainder when 13811 is divided by 94.
87
Calculate the remainder when 911 is divided by 8.
7
Calculate the remainder when 737 is divided by 20.
17
What is the remainder when 264 is divided by 38?
36
What is the remainder when 484 is divided by 211?
62
What is the remainder when 470 is divided by 65?
15
Calculate the remainder when 853 is divided by 53.
5
What is the remainder when 1410 is divided by 460?
30
Calculate the remainder when 980 is divided by 136.
28
What is the remainder when 111 is divided by 50?
11
What is the remainder when 504 is divided by 23?
21
What is the remainder when 190 is divided by 32?
30
What is the remainder when 230 is divided by 185?
45
Calculate the remainder when 236 is divided by 4.
0
What is the remainder when 125 is divided by 14?
13
Calculate the remainder when 432 is divided by 31.
29
What is the remainder when 6027 is divided by 137?
136
What is the remainder when 230 is divided by 82?
66
What is the remainder when 107 is divided by 14?
9
What is the remainder when 291 is divided by 162?
129
What is the remainder when 319 is divided by 12?
7
What is the remainder when 167 is divided by 34?
31
Calculate the remainder when 3391 is divided by 64.
63
What is the remainder when 570 is divided by 14?
10
Calculate the remainder when 115 is divided by 29.
28
What is the remainder when 222 is divided by 75?
72
What is the remainder when 134 is divided by 37?
23
Calculate the remainder when 14 is divided by 7.
0
What is the remainder when 173 is divided by 169?
4
Calculate the remainder when 642 is divided by 43.
40
What is the remainder when 296 is divided by 31?
17
What is the remainder when 4848 is divided by 194?
192
Calculate the remainder when 228 is divided by 167.
61
What is the remainder when 1207 is divided by 7?
3
What is the remainder when 289 is divided by 73?
70
Calculate the remainder when 39 is divided by 13.
0
What is the remainder when 880 is divided by 25?
5
What is the remainder when 448 is divided by 168?
112
Calculate the remainder when 404 is divided by 27.
26
What is the remainder when 93 is divided by 32?
29
Calculate the remainder when 35 is divided by 17.
1
What is the remainder when 458 is divided by 119?
101
What is the remainder when 82 is divided by 12?
10
Calculate the remainder when 348 is divided by 59.
53
Calculate the remainder when 320 is divided by 83.
71
What is the remainder when 179 is divided by 39?
23
Calculate the remainder when 2147 is divided by 95.
57
Calculate the remainder when 564 is divided by 535.
29
Calculate the remainder when 929 is divided by 19.
17
What is the remainder when 80 is divided by 43?
37
Calculate the remainder when 1634 is divided by 232.
10
What is the remainder when 110 is divided by 14?
12
Calculate the remainder when 2013 is divided by 14.
11
Calculate the remainder when 678 is divided by 114.
108
Calculate the remainder when 30 is divided by 13.
4
What is the remainder when 91 is 